et k(c) = -c**3 + 3*c**2 + c - 1. Let a be (-4)/(-18) + 714/189. Suppose 0 = v + 4*v + 20, 2*v = a*l. Give k(l).
17
Let d(y) = y**2 - 42*y - 220. Suppose -23*j + 912 = -207 + 38. Calculate d(j).
15
Let b(x) be the third derivative of 19*x**6/60 - x**5/60 - x**4/24 + x**3/3 - x**2 - 58*x - 4. Calculate b(1).
38
Let j(s) = 21*s**3 + s + 2. Let d(b) = -185*b**3 - b**2 - 11*b - 19. Let v(k) = -d(k) - 9*j(k). Let u = 0 - 1. Determine v(u).
4
Let h(b) = -5*b**2 + 12*b + 1. Let z(i) = -9*i**2 + 24*i. Let y(f) = -7*h(f) + 4*z(f). What is y(9)?
20
Let t(w) be the first derivative of w**4/24 + w**3/2 - 7*w**2 - 39. Let n(y) be the second derivative of t(y). What is n(-8)?
-5
Let k(o) = -1 - 974*o**2 + 433*o**2 + 523*o**2 - o. Give k(-2).
-71
Let k(g) = 32 - 22 - 1 - 3*g - 3 - 2. Calculate k(-3).
13
Let o = 654 + -653. Suppose 8 = u + 2*l, -4*l + 5*l + o = 2*u. Let j(h) = 4*h**2 - 7*h + 1. Give j(u).
3
Let f = 725 + -728. Let t(j) = -j + 1. Let m(b) = 3*b - 9. Let y(x) = -m(x) - 4*t(x). Give y(f).
2
Suppose 17*t = 21*t + 28. Let o(y) = -y + 2. Let d(m) = m - 3. Let n(w) = 2*d(w) + 3*o(w). Calculate n(t).
7
Suppose 1532*u - 1491*u = 0. Let n(w) = 19*w - 19. Determine n(u).
-19
Let g(k) = -9*k**3 - 5 + 10*k**3 - 2*k + 5*k**3 - 5*k**3 + 3 + 5*k**2. Determine g(-5).
8
Suppose -s + 3*s = -m + 12, m + 3 = s. Let y(i) = m + 23*i**2 + 8 - 22*i**2. Suppose 385*u = 379*u. Calculate y(u).
10
Let v(s) = -s**3 + 9*s**2 + 10*s + 1. Let b be v(10). Let y be (b - -2 - -3)/2. Let u(k) = 0*k**3 + 7*k + 3*k**2 + 95 - 99 + 5*k - 9*k - k**3. What is u(y)?
5
Let x(m) = -27*m - 7 + 4 + 9*m**2 - m**3 - 4 + 8 + 10*m. Calculate x(7).
-20
Let n(g) = g**3 + 12*g**2 - g + 9. Suppose -4*x - 348 = -676 + 376. Give n(x).
21
Let w = 34 - -6. Suppose w*b + 15 = 45*b. Let y(n) = -3*n**2 - 11*n + 7. Let o(s) = -4*s**2 - 16*s + 10. Let v(g) = -5*o(g) + 7*y(g). Calculate v(b).
-1
Let n(g) = -g**2 + 9*g - 4. Suppose 71 - 203 = -6*b. Suppose 0 = -b*r + 25*r - 21. Give n(r).
10
Let l(a) = 7*a**2 + 2*a - 3. Let i(b) = 1352*b - 4058. Let r be i(3). Determine l(r).
21
Let x(p) = p**2 + 19*p + 17. Let i = 339 + -318. Suppose w - 3*b + i = 0, 10*w - 13*w = 3*b + 51. Give x(w).
-1
Let l = 9189 + -9185. Let x(b) = b**2 + b. Let d(q) = -6*q**2 - 5*q + 2. Let v(f) = d(f) + 5*x(f). Give v(l).
-14
Suppose 9*y - 13*y - 2*r = -14, y - 1 = 2*r. Let m(u) = -108 + u**3 + 102 - 3*u**3 + 3*u**y. Give m(0).
-6
Suppose -4*y + y + 3*i + 72 = 0, -5*i - 16 = -y. Suppose -29*j = -y*j - 12. Let a(w) = 12*w + w - j + 5. Calculate a(-2).
-25
Let l(h) = -5 + h**3 + 4 + 0 - 7*h**2. Let a be 44/10 + 46/(-115). Suppose -b + 16 = 2*i, 0*b = -a*i - b + 30. Give l(i).
-1
Let m(v) be the first derivative of -v**5/20 + v**4/12 - 3*v**2/2 - 3*v + 39. Let f(w) be the first derivative of m(w). Let y = 3 + -3. What is f(y)?
-3
Let j = 163 - 160. Let z(h) = -h**3 - 5*h**3 - 15*h**j + h + 41*h**3. What is z(1)?
21
Let v(o) = -3*o**3 + 3*o - 3. Let n be 1 + (3 + 25)/7*(-1)/(-2). Give v(n).
-75
Let m(l) = -l**3 + 8*l**2 - 10*l - 16. Let q(y) = -5*y**3 + 31*y**2 - 39*y - 65. Let h(v) = 9*m(v) - 2*q(v). Let k be 6 + -6 + 1 - (0 + 12). Calculate h(k).
-3
Let d = -871 - -870. Let p(k) be the third derivative of k**5/30 + k**3/6 - 9*k**2 + 1. Give p(d).
3
Let c(x) = 4*x + 99. Let u(f) = -3*f - 65. Let v(p) = 5*c(p) + 8*u(p). Let l be v(-8). Let q(o) = -o**2 + 8*o + 10. Calculate q(l).
17
Let k(m) = -86*m + 9. Let j(g) = 200*g - 18. Let a(d) = 3*j(d) + 7*k(d). Give a(-16).
41
Let b = 5259 + -5253. Let j(z) = -2*z**2 + 14*z - 13. Give j(b).
-1
Let v(x) = -x**2 - 15*x - 65. Let m be (-6)/(-4)*(-68)/(-3). Let d = -43 + m. Let b be v(d). Let w(y) = y + 13. What is w(b)?
2
Suppose l + 18 = 4*h, 345*l - 344*l + 3*h - 24 = 0. Let j(s) = s + 12. Determine j(l).
18
Let o(t) = -5*t. Let b(g) = -21*g - 31. Let r(p) = b(p) - 3*o(p). Determine r(-6).
5
Let f(n) = -1571618 - 4*n + 2*n + 1571642. Calculate f(11).
2
Let y(i) = -i**2 + 8*i - 7. Let d be 2/(13/((-273)/14)). Let j be (4/d - -3)/(30/108). Give y(j).
5
Suppose -2 = 11*t - 35. Let m(q) = -51*q + 11. Let a(y) = -11*y + 2. Let z(h) = -5*a(h) + m(h). Calculate z(t).
13
Suppose -5*u = 24 - 14. Let w(h) = 87 - h + 8*h**2 + 22*h**3 - 89 - 6*h**2 - 21*h**3. Give w(u).
0
Let x(g) = 4*g + 8. Suppose -4*t - 2*l + 6 = 0, t + 3 = -46*l + 47*l. What is x(t)?
8
Let b(m) be the third derivative of -m**4/12 - 25*m**3/3 - 17*m**2 + 11. Determine b(-21).
-8
Let s(q) be the second derivative of -q**5/20 - q**4/2 - 2*q**3/3 - 9*q**2 + 2773*q. What is s(-6)?
6
Suppose -3*f + 3*s - 7 = 8, 3*s = 2*f + 12. Suppose 0 = 35*x - 13*x - 66. Let v(y) = x*y + 2 + 5*y**2 - 16*y + 7*y - 6*y**2. Determine v(f).
11
Let d(h) be the third derivative of -h**5/60 - h**4/6 - h**3/6 + h**2 + 649*h. Give d(3).
-22
Let s = -38859 - -38839. Let f(a) = -a**3 - 20*a**2 + a - 6. Determine f(s).
-26
Let v(u) be the first derivative of -u**4/4 - 11*u**3/3 - 10*u**2 - 17*u - 31. Let a be v(-9). Let f(g) = -a - g + 4*g - g + 0*g. What is f(4)?
7
Let s(v) = -100 + 63*v**2 - 33*v**2 - 32*v**2 + 10*v + 51 + 54. Determine s(7).
-23
Let l(n) = -n**3 - 7*n**2 + 2*n + 7. Let t = 33 + -32. Let b be t/2*(24 + -16). Let j be (28/(-6))/(b/6). Give l(j).
-7
Let c(r) = -r**3 + 14*r**2 - 15*r + 15. Let f(o) = 3*o**2 - o + 1. Let p(q) = -c(q) + 8*f(q). Let x(u) = -u**2 + 6*u + 7. Let y be x(8). Calculate p(y).
11
Let m(o) = o**2 - 9*o - 22. Let p(g) = 3*g**2 - 26*g - 77. Let n(x) = 8*m(x) - 3*p(x). What is n(-6)?
-17
Suppose 100*f + 1755 = 91*f. Let d = f - -191. Let g(z) = z**3 + 5*z**2 + 5*z + 1. Calculate g(d).
-3
Let i(w) = -41*w - 286. Let s(l) = 62*l + 429. Let y(r) = 8*i(r) + 5*s(r). Determine y(-8).
1
Let j(b) be the first derivative of -2/3*b**3 - 7/2*b**2 + 61 + 6*b + 1/4*b**4. Give j(4).
10
Let k = -756 + 417. Let p = -339 - k. Let z(y) = y**2 - y - 2. What is z(p)?
-2
Let a(f) = -17*f. Let n(u) = 48*u + 1. Let p(b) = 17*a(b) + 6*n(b). What is p(16)?
-10
Let t(r) be the second derivative of r**6/360 + r**5/24 - r**4/8 + 5*r**3/6 - 9*r. Let b(q) be the second derivative of t(q). Let w = 403 - 409. Calculate b(w).
3
Let z(q) = -3*q**2 + 20 + 11*q**3 - 10 - 12*q**3 - 15*q + 14*q. What is z(0)?
10
Let k(p) = -6*p - 1. Let d(j) = -3*j - 8. Let t(r) = d(r) - 4*k(r). Give t(-3).
-67
Let n(i) be the first derivative of -i**2/2 - 3*i - 1. Let b(t) = -t**3 + 6*t**2 + 6*t. Let k be b(6). Suppose k*u - 12 = 32*u. Calculate n(u).
-6
Let j(z) = -z**2 + 4*z + 4. Let y(m) = -m**2 + 4*m + 5. Let x(s) = 3*j(s) - 2*y(s). Let a(c) = -c**2 + 5*c + 1. Let o(n) = 4*a(n) - 5*x(n). Determine o(-6).
30
Let c(k) = 3*k**3 - 57*k + 58. Let h be c(1). Let b(j) = 2*j**2 - 7*j + 11. Calculate b(h).
15
Let d(n) = -16*n + 41. Let j(g) be the second derivative of 5*g**3/6 - 7*g**2 + 5*g + 1. Let p(m) = 2*d(m) + 7*j(m). Determine p(7).
5
Let q(l) = -21*l**2 + 6. Let c(d) = 18*d**2 - 5. Let x(z) = -5*c(z) - 4*q(z). Let n = -14 - -17. Suppose -1 = v, -4*s + v + n = 6. Determine x(s).
-5
Let p be (18/(-4))/((-15)/(-20)). Let h be (12 - 6)/((-1)/(-3 - -2)). Let o(w) = -2*w + w + 3*w + 0*w + h. Calculate o(p).
-6
Let u = -9 + 16. Let y(i) = 5*i - 18. Let t(o) = -4*o + 14. Suppose -4*v + 7 = a, -2*a - 3 = -2*v - 3*a. Let s(q) = v*y(q) + 3*t(q). Determine s(u).
-8
Let g(x) be the first derivative of -x**3/3 + 5*x**2/2 - 2*x + 1. Let o(m) = 3*m**3 + 10*m**2 - 14*m - 18. Let i = -307 - -303. Let l be o(i). Give g(l).
-8
Let m = -19 - -12. Let z(r) = -3*r + 177. Let u(h) = 10*h - 597. Let b(d) = 8*u(d) + 27*z(d). What is b(m)?
10
Let k(z) = z**2 - z - 4. Let a(m) = -4*m**2 + 4*m + 17. Let c(n) = -2*a(n) - 9*k(n). Let w = 5547 - 5547. Calculate c(w).
2
Let d(z) be the third derivative of -z**6/120 - z**5/15 + z**4/3 + 5*z**3/2 + z**2 - 447*z. Give d(-6).
39
Let c(n) be the third derivative of n**6/360 - n**5/120 - n**4/24 + 29*n**3/2 + 2*n**2 - 10*n. Let r(j) be the first derivative of c(j). Give r(-4).
19
Let z(u) = u**3 + 4*u**2 + u - 4. Suppose 0 = 2*m + 46 - 14. Let x be -3*(-12)/9 - 3. Let n be (x - 0)*-3 + 15 + m. Determine z(n).
-8
Let b = 130 - 124. Let r(h) be the third derivative of -h**6/120 + 7*h**5/60 - h**4/4 - h**3/3 + 57*h**2. What is r(b)?
-2
Let y be -1 + 5 - (-7)/(42/(-18)). Suppose 0 = -4*m + 119 + y. Let s(h) = m*h + 38 - 23 - 29*h. Determine s(0).
15
Let h = -9714 + 9718.